{"id":806,"date":"2011-09-06T16:28:04","date_gmt":"2011-09-06T16:28:04","guid":{"rendered":"http:\/\/www.efnweb.be\/v2\/?page_id=806"},"modified":"2025-11-17T13:39:13","modified_gmt":"2025-11-17T11:39:13","slug":"executive-committee","status":"publish","type":"page","link":"https:\/\/efn.eu\/?page_id=806","title":{"rendered":"Executive Committee"},"content":{"rendered":"\t\t<div data-elementor-type=\"wp-page\" data-elementor-id=\"806\" class=\"elementor elementor-806\">\n\t\t\t\t\t\t<section class=\"penci-section penci-disSticky penci-structure-10 elementor-section elementor-top-section elementor-element elementor-element-4c005d56 elementor-section-boxed elementor-section-height-default elementor-section-height-default\" data-id=\"4c005d56\" data-element_type=\"section\">\n\t\t\t\t\t\t<div class=\"elementor-container elementor-column-gap-default\">\n\t\t\t\t\t<div class=\"penci-ercol-100 penci-ercol-order-1 penci-sticky-ct  elementor-column elementor-col-100 elementor-top-column elementor-element elementor-element-1e935551\" data-id=\"1e935551\" data-element_type=\"column\">\n\t\t\t<div class=\"elementor-widget-wrap elementor-element-populated\">\n\t\t\t\t\t\t<div class=\"elementor-element elementor-element-795d77a2 elementor-widget elementor-widget-text-editor\" data-id=\"795d77a2\" data-element_type=\"widget\" data-widget_type=\"text-editor.default\">\n\t\t\t\t<div class=\"elementor-widget-container\">\n\t\t\t\t\t\t\t\t\t<p style=\"text-align: justify;\">The Executive Committee consists of the President, the Vice-President, the Treasurer and four EFN representatives, elected by the members. The Executive Committee meets twice a year in between the two meetings of the EFN General Assembly in order to discuss important issues for EFN and to prepare recommendations for the General Assembly. An extraordinary meeting may be called if the President determines that there is need for such a meeting.<br \/><br \/><\/p><div class=\"half\"><h5>President<\/h5><\/div><p><strong><img decoding=\"async\" data-recalc-dims=\"1\" class=\"alignleft wp-image-10590\" src=\"https:\/\/i0.wp.com\/efn.eu\/wp-content\/uploads\/2018\/10\/Aristides-Chorattas.jpg?resize=62%2C77&#038;ssl=1\" alt=\"\" width=\"62\" height=\"77\" srcset=\"https:\/\/i0.wp.com\/efn.eu\/wp-content\/uploads\/2018\/10\/Aristides-Chorattas.jpg?w=432&amp;ssl=1 432w, https:\/\/i0.wp.com\/efn.eu\/wp-content\/uploads\/2018\/10\/Aristides-Chorattas.jpg?resize=243%2C300&amp;ssl=1 243w\" sizes=\"(max-width: 62px) 100vw, 62px\" \/><\/strong><\/p><p><strong>Mr Aristides Chorattas<\/strong><em><strong><br \/><\/strong>Cyprus Nurses and Midwives Association<\/em><\/p><h5>\u00a0<\/h5><h5>Vice President<\/h5><p><strong><img decoding=\"async\" data-recalc-dims=\"1\" class=\"alignleft wp-image-17077\" src=\"https:\/\/i0.wp.com\/efn.eu\/wp-content\/uploads\/2024\/01\/Patricia-Marquis-New2.jpg?resize=63%2C75&#038;ssl=1\" alt=\"\" width=\"63\" height=\"75\" srcset=\"https:\/\/i0.wp.com\/efn.eu\/wp-content\/uploads\/2024\/01\/Patricia-Marquis-New2.jpg?w=390&amp;ssl=1 390w, https:\/\/i0.wp.com\/efn.eu\/wp-content\/uploads\/2024\/01\/Patricia-Marquis-New2.jpg?resize=253%2C300&amp;ssl=1 253w\" sizes=\"(max-width: 63px) 100vw, 63px\" \/>Ms Patricia Marquis<\/strong><em><strong><br \/><\/strong>Royal College of Nursing (UK) <\/em><\/p><p>\u00a0<\/p><h5 style=\"text-align: left;\">Treasurer<\/h5><div><div class=\"onehalf\"><p><strong><img decoding=\"async\" data-recalc-dims=\"1\" class=\"alignleft wp-image-19377\" src=\"https:\/\/i0.wp.com\/efn.eu\/wp-content\/uploads\/2025\/11\/Anita-Prelec-1.jpg?resize=66%2C69&#038;ssl=1\" alt=\"\" width=\"66\" height=\"69\" \/>Ms Anita Prelec<\/strong><br \/><em>Nurses and Midwives Association of Slovenia<\/em><\/p><h5>\u00a0<\/h5><h5>Executive Committee Members<\/h5><p><strong><img loading=\"lazy\" decoding=\"async\" data-recalc-dims=\"1\" class=\"alignleft wp-image-17663\" src=\"https:\/\/i0.wp.com\/efn.eu\/wp-content\/uploads\/2024\/10\/Zuzana-Tomaskova2.jpg?resize=61%2C75&#038;ssl=1\" alt=\"\" width=\"61\" height=\"75\" \/>Ms Zuzana Tom\u00e1\u0161kov\u00e1<br \/><\/strong><em>Czech Nurses Association<\/em><\/p><p>\u00a0<\/p><\/div><\/div><p><strong><img loading=\"lazy\" decoding=\"async\" data-recalc-dims=\"1\" class=\"alignleft wp-image-16932\" src=\"https:\/\/i0.wp.com\/efn.eu\/wp-content\/uploads\/2023\/10\/Dorthe1.jpg?resize=63%2C70&#038;ssl=1\" alt=\"\" width=\"63\" height=\"70\" srcset=\"https:\/\/i0.wp.com\/efn.eu\/wp-content\/uploads\/2023\/10\/Dorthe1.jpg?w=698&amp;ssl=1 698w, https:\/\/i0.wp.com\/efn.eu\/wp-content\/uploads\/2023\/10\/Dorthe1.jpg?resize=272%2C300&amp;ssl=1 272w, https:\/\/i0.wp.com\/efn.eu\/wp-content\/uploads\/2023\/10\/Dorthe1.jpg?resize=585%2C646&amp;ssl=1 585w\" sizes=\"(max-width: 63px) 100vw, 63px\" \/>Ms Dorthe Boe Danbj\u00f8rg<br \/><\/strong><em>Danish Nurses Organisation<\/em><\/p><p>\u00a0<\/p><p><strong><img loading=\"lazy\" decoding=\"async\" data-recalc-dims=\"1\" class=\"alignleft wp-image-16933\" src=\"https:\/\/i0.wp.com\/efn.eu\/wp-content\/uploads\/2023\/10\/Tony1.jpg?resize=62%2C74&#038;ssl=1\" alt=\"\" width=\"62\" height=\"74\" srcset=\"https:\/\/i0.wp.com\/efn.eu\/wp-content\/uploads\/2023\/10\/Tony1.jpg?w=382&amp;ssl=1 382w, https:\/\/i0.wp.com\/efn.eu\/wp-content\/uploads\/2023\/10\/Tony1.jpg?resize=252%2C300&amp;ssl=1 252w\" sizes=\"(max-width: 62px) 100vw, 62px\" \/>Mr Tony Fitzpatrick<br \/><\/strong><em>Irish Nurses and Midwives Organisation<br \/><\/em><\/p><p>\u00a0<\/p><p><strong><img loading=\"lazy\" decoding=\"async\" data-recalc-dims=\"1\" class=\"alignleft wp-image-17664\" src=\"https:\/\/i0.wp.com\/efn.eu\/wp-content\/uploads\/2024\/10\/Joao-Paulo-Carvalho2.jpg?resize=57%2C79&#038;ssl=1\" alt=\"\" width=\"57\" height=\"79\" srcset=\"https:\/\/i0.wp.com\/efn.eu\/wp-content\/uploads\/2024\/10\/Joao-Paulo-Carvalho2.jpg?w=334&amp;ssl=1 334w, https:\/\/i0.wp.com\/efn.eu\/wp-content\/uploads\/2024\/10\/Joao-Paulo-Carvalho2.jpg?resize=217%2C300&amp;ssl=1 217w\" sizes=\"(max-width: 57px) 100vw, 57px\" \/>Mr Jo\u00e3o Paulo Carvalho<\/strong><br \/><em>Ordem dos Enfermeiros, Portugal <\/em><\/p><div>\u00a0<\/div><div>\u00a0<\/div><div id=\"ConnectiveDocSignExtentionInstalled\" data-extension-version=\"1.0.4\">\u00a0<\/div>\t\t\t\t\t\t\t\t<\/div>\n\t\t\t\t<\/div>\n\t\t\t\t\t<\/div>\n\t\t<\/div>\n\t\t\t\t\t<\/div>\n\t\t<\/section>\n\t\t\t\t<\/div>\n\t\t","protected":false},"excerpt":{"rendered":"<p>The Executive Committee consists of the President, the Vice-President, the&hellip;<\/p>\n","protected":false},"author":3,"featured_media":0,"parent":0,"menu_order":0,"comment_status":"closed","ping_status":"closed","template":"","meta":{"footnotes":""},"class_list":["post-806","page","type-page","status-publish","hentry"],"jetpack-related-posts":[],"jetpack_sharing_enabled":true,"_links":{"self":[{"href":"https:\/\/efn.eu\/index.php?rest_route=\/wp\/v2\/pages\/806","targetHints":{"allow":["GET"]}}],"collection":[{"href":"https:\/\/efn.eu\/index.php?rest_route=\/wp\/v2\/pages"}],"about":[{"href":"https:\/\/efn.eu\/index.php?rest_route=\/wp\/v2\/types\/page"}],"author":[{"embeddable":true,"href":"https:\/\/efn.eu\/index.php?rest_route=\/wp\/v2\/users\/3"}],"replies":[{"embeddable":true,"href":"https:\/\/efn.eu\/index.php?rest_route=%2Fwp%2Fv2%2Fcomments&post=806"}],"version-history":[{"count":75,"href":"https:\/\/efn.eu\/index.php?rest_route=\/wp\/v2\/pages\/806\/revisions"}],"predecessor-version":[{"id":19380,"href":"https:\/\/efn.eu\/index.php?rest_route=\/wp\/v2\/pages\/806\/revisions\/19380"}],"wp:attachment":[{"href":"https:\/\/efn.eu\/index.php?rest_route=%2Fwp%2Fv2%2Fmedia&parent=806"}],"curies":[{"name":"wp","href":"https:\/\/api.w.org\/{rel}","templated":true}]}}

<div data-elementor-type="wp-page" data-elementor-id="806" class="elementor elementor-806">
						<section class="penci-section penci-disSticky penci-structure-10 elementor-section elementor-top-section elementor-element elementor-element-4c005d56 elementor-section-boxed elementor-section-height-default elementor-section-height-default" data-id="4c005d56" data-element_type="section">
						<div class="elementor-container elementor-column-gap-default">
					<div class="penci-ercol-100 penci-ercol-order-1 penci-sticky-ct  elementor-column elementor-col-100 elementor-top-column elementor-element elementor-element-1e935551" data-id="1e935551" data-element_type="column">
			<div class="elementor-widget-wrap elementor-element-populated">
						<div class="elementor-element elementor-element-795d77a2 elementor-widget elementor-widget-text-editor" data-id="795d77a2" data-element_type="widget" data-widget_type="text-editor.default">
				<div class="elementor-widget-container">
									<p style="text-align: justify;">The Executive Committee consists of the President, the Vice-President, the Treasurer and four EFN representatives, elected by the members. The Executive Committee meets twice a year in between the two meetings of the EFN General Assembly in order to discuss important issues for EFN and to prepare recommendations for the General Assembly. An extraordinary meeting may be called if the President determines that there is need for such a meeting.<br /><br /></p><div class="half"><h5>President</h5></div><p><strong><img decoding="async" data-recalc-dims="1" class="alignleft wp-image-10590" src="https://i0.wp.com/efn.eu/wp-content/uploads/2018/10/Aristides-Chorattas.jpg?resize=62%2C77&#038;ssl=1" alt="" width="62" height="77" srcset="https://i0.wp.com/efn.eu/wp-content/uploads/2018/10/Aristides-Chorattas.jpg?w=432&amp;ssl=1 432w, https://i0.wp.com/efn.eu/wp-content/uploads/2018/10/Aristides-Chorattas.jpg?resize=243%2C300&amp;ssl=1 243w" sizes="(max-width: 62px) 100vw, 62px" /></strong></p><p><strong>Mr Aristides Chorattas</strong><em><strong><br /></strong>Cyprus Nurses and Midwives Association</em></p><h5> </h5><h5>Vice President</h5><p><strong><img decoding="async" data-recalc-dims="1" class="alignleft wp-image-17077" src="https://i0.wp.com/efn.eu/wp-content/uploads/2024/01/Patricia-Marquis-New2.jpg?resize=63%2C75&#038;ssl=1" alt="" width="63" height="75" srcset="https://i0.wp.com/efn.eu/wp-content/uploads/2024/01/Patricia-Marquis-New2.jpg?w=390&amp;ssl=1 390w, https://i0.wp.com/efn.eu/wp-content/uploads/2024/01/Patricia-Marquis-New2.jpg?resize=253%2C300&amp;ssl=1 253w" sizes="(max-width: 63px) 100vw, 63px" />Ms Patricia Marquis</strong><em><strong><br /></strong>Royal College of Nursing (UK) </em></p><p> </p><h5 style="text-align: left;">Treasurer</h5><div><div class="onehalf"><p><strong><img decoding="async" data-recalc-dims="1" class="alignleft wp-image-19377" src="https://i0.wp.com/efn.eu/wp-content/uploads/2025/11/Anita-Prelec-1.jpg?resize=66%2C69&#038;ssl=1" alt="" width="66" height="69" />Ms Anita Prelec</strong><br /><em>Nurses and Midwives Association of Slovenia</em></p><h5> </h5><h5>Executive Committee Members</h5><p><strong><img loading="lazy" decoding="async" data-recalc-dims="1" class="alignleft wp-image-17663" src="https://i0.wp.com/efn.eu/wp-content/uploads/2024/10/Zuzana-Tomaskova2.jpg?resize=61%2C75&#038;ssl=1" alt="" width="61" height="75" />Ms Zuzana Tomášková<br /></strong><em>Czech Nurses Association</em></p><p> </p></div></div><p><strong><img loading="lazy" decoding="async" data-recalc-dims="1" class="alignleft wp-image-16932" src="https://i0.wp.com/efn.eu/wp-content/uploads/2023/10/Dorthe1.jpg?resize=63%2C70&#038;ssl=1" alt="" width="63" height="70" srcset="https://i0.wp.com/efn.eu/wp-content/uploads/2023/10/Dorthe1.jpg?w=698&amp;ssl=1 698w, https://i0.wp.com/efn.eu/wp-content/uploads/2023/10/Dorthe1.jpg?resize=272%2C300&amp;ssl=1 272w, https://i0.wp.com/efn.eu/wp-content/uploads/2023/10/Dorthe1.jpg?resize=585%2C646&amp;ssl=1 585w" sizes="(max-width: 63px) 100vw, 63px" />Ms Dorthe Boe Danbjørg<br /></strong><em>Danish Nurses Organisation</em></p><p> </p><p><strong><img loading="lazy" decoding="async" data-recalc-dims="1" class="alignleft wp-image-16933" src="https://i0.wp.com/efn.eu/wp-content/uploads/2023/10/Tony1.jpg?resize=62%2C74&#038;ssl=1" alt="" width="62" height="74" srcset="https://i0.wp.com/efn.eu/wp-content/uploads/2023/10/Tony1.jpg?w=382&amp;ssl=1 382w, https://i0.wp.com/efn.eu/wp-content/uploads/2023/10/Tony1.jpg?resize=252%2C300&amp;ssl=1 252w" sizes="(max-width: 62px) 100vw, 62px" />Mr Tony Fitzpatrick<br /></strong><em>Irish Nurses and Midwives Organisation<br /></em></p><p> </p><p><strong><img loading="lazy" decoding="async" data-recalc-dims="1" class="alignleft wp-image-17664" src="https://i0.wp.com/efn.eu/wp-content/uploads/2024/10/Joao-Paulo-Carvalho2.jpg?resize=57%2C79&#038;ssl=1" alt="" width="57" height="79" srcset="https://i0.wp.com/efn.eu/wp-content/uploads/2024/10/Joao-Paulo-Carvalho2.jpg?w=334&amp;ssl=1 334w, https://i0.wp.com/efn.eu/wp-content/uploads/2024/10/Joao-Paulo-Carvalho2.jpg?resize=217%2C300&amp;ssl=1 217w" sizes="(max-width: 57px) 100vw, 57px" />Mr João Paulo Carvalho</strong><br /><em>Ordem dos Enfermeiros, Portugal </em></p><div> </div><div> </div><div id="ConnectiveDocSignExtentionInstalled" data-extension-version="1.0.4"> </div>								</div>
				</div>
					</div>
		</div>
					</div>
		</section>
				</div>
